{"id":1147,"date":"2020-10-26T15:07:59","date_gmt":"2020-10-26T20:07:59","guid":{"rendered":"http:\/\/wearecardolan.com\/es\/?page_id=1147"},"modified":"2022-05-21T10:52:03","modified_gmt":"2022-05-21T15:52:03","slug":"nuestra-comunidad","status":"publish","type":"page","link":"https:\/\/wearecardolan.com\/es\/nuestra-comunidad\/","title":{"rendered":"Nuestra comunidad"},"content":{"rendered":"<div class=\"wpb-content-wrapper\"><p>[vc_row full_width=&#8221;stretch_row_content_no_spaces&#8221; full_height=&#8221;yes&#8221; equal_height=&#8221;yes&#8221; content_placement=&#8221;middle&#8221; css=&#8221;.vc_custom_1610747886001{background-image: url(http:\/\/wearecardolan.com\/es\/wp-content\/uploads\/2021\/01\/2_0Banner_OurPeople.jpg?id=1852) !important;background-position: center !important;background-repeat: no-repeat !important;background-size: cover !important;}&#8221;][vc_column][rev_slider_vc alias=&#8221;Quienes&#8221;][\/vc_column][\/vc_row][vc_row full_width=&#8221;stretch_row&#8221; full_height=&#8221;yes&#8221; equal_height=&#8221;yes&#8221; content_placement=&#8221;middle&#8221; css=&#8221;.vc_custom_1608066801129{margin-right: 10px !important;margin-left: 10px !important;background-color: #ebe6e0 !important;}&#8221;][vc_column offset=&#8221;vc_hidden-sm vc_hidden-xs&#8221;][vc_empty_space height=&#8221;150px&#8221;][\/vc_column][vc_column width=&#8221;1\/3&#8243;][\/vc_column][vc_column width=&#8221;1\/3&#8243;][vc_empty_space height=&#8221;100px&#8221;][vc_column_text]<\/p>\n<p style=\"text-align: center;\"><span style=\"font-size: 14pt;\">En 1972, Carmen y su amiga Dora, crearon CARDOL\u00c1N (Carmen+Dora+Lana), para impulsar el trabajo de la lana en el altiplano cundiboyacense y ofrecer tejidos a sus familias y amigos.<\/span><\/p>\n<p>[\/vc_column_text][vc_empty_space height=&#8221;100px&#8221;][\/vc_column][vc_column width=&#8221;1\/3&#8243;][\/vc_column][vc_column offset=&#8221;vc_hidden-sm vc_hidden-xs&#8221;][vc_empty_space height=&#8221;150px&#8221;][\/vc_column][\/vc_row][vc_row full_width=&#8221;stretch_row&#8221; full_height=&#8221;yes&#8221; css=&#8221;.vc_custom_1605914772469{margin-right: 10px !important;margin-left: 10px !important;background-color: #f5f0ec !important;}&#8221;][vc_column width=&#8221;1\/2&#8243;][vc_empty_space height=&#8221;100px&#8221;][vc_column_text]<\/p>\n<h3><span style=\"font-size: 24pt;\">Las manos<br \/>\nartistas<\/span><\/h3>\n<p>[\/vc_column_text][vc_column_text]<\/p>\n<p style=\"text-align: left;\">Graciela, Cecilia, Mariela, Alicia, Rita, Mar\u00eda, Delfina, Oliva, Flor, Marta In\u00e9s, Jaime, Marina, Matilde, Leonor, Silvia, Flor, Deisy, Miriam Yanet y Enrique son algunas de las personas fundamentales para nuestra red de creaci\u00f3n.<\/p>\n<p>Estos artesanos transmiten el arte que aprendieron de sus mayores y hoy lo utilizan para sostener a sus familias y a su comunidad en el valle de Simijaca y sus alrededores.<\/p>\n<p>[\/vc_column_text][\/vc_column][vc_column width=&#8221;1\/2&#8243;][\/vc_column][vc_column][\/vc_column][vc_column width=&#8221;2\/6&#8243;][vc_single_image image=&#8221;1853&#8243; img_size=&#8221;full&#8221; alignment=&#8221;center&#8221;][\/vc_column][vc_column width=&#8221;2\/6&#8243;][vc_single_image image=&#8221;1854&#8243; img_size=&#8221;full&#8221; alignment=&#8221;center&#8221;][\/vc_column][vc_column width=&#8221;2\/6&#8243;][vc_single_image image=&#8221;1855&#8243; img_size=&#8221;full&#8221;][vc_empty_space height=&#8221;100px&#8221;][\/vc_column][\/vc_row][vc_row full_width=&#8221;stretch_row&#8221; css=&#8221;.vc_custom_1607368863570{margin-right: 10px !important;margin-bottom: -50px !important;margin-left: 10px !important;background-color: #ebe6e0 !important;}&#8221;][vc_column width=&#8221;1\/2&#8243;][vc_empty_space height=&#8221;50px&#8221;][vc_column_text]<\/p>\n<h3><span style=\"font-size: 24pt;\">Nuestra fundadora:<br \/>\nCarmen<\/span><\/h3>\n<p>[\/vc_column_text][vc_column_text]Aunque Carmen naci\u00f3 en Bogot\u00e1, desde muy peque\u00f1a se apasion\u00f3 por el campo colombiano y por los productos de lana. En sus diversas excursiones por las monta\u00f1as de Colombia aprendi\u00f3 sobre el trabajo con lana de las comunidades campesinas, un saber pasado por generaciones, y comprendi\u00f3 la necesidad que tienen las mujeres de estas regiones de trabajar y generar ingresos. Decidida a colaborar en mantener estas tradiciones vivas, Carmen comenz\u00f3 a criar ovejas Corriedale para producir lana en el valle de Simijaca (Cundinamarca), donde uni\u00f3 esfuerzos con una red de mujeres que conoc\u00edan el arte tradicional de hilar y tejer transmitido por sus mayores.<\/p>\n<p>Se dedic\u00f3 tambi\u00e9n a aprender sobre tinturas naturales y a experimentar con diversas plantas locales para te\u00f1ir. Por d\u00e9cadas, CARDOL\u00c1N ha producido piezas de lana para la venta, proporcion\u00e1ndole trabajo a muchas mujeres campesinas y donando gran parte del dinero recaudado al Ancianato San Juan Bosco de Simijaca.[\/vc_column_text][\/vc_column][vc_column width=&#8221;1\/2&#8243;][vc_empty_space height=&#8221;50px&#8221;][\/vc_column][vc_column][\/vc_column][vc_column width=&#8221;1\/2&#8243;][vc_single_image image=&#8221;1856&#8243; img_size=&#8221;full&#8221; alignment=&#8221;center&#8221;][\/vc_column][vc_column width=&#8221;1\/2&#8243;][vc_single_image image=&#8221;1857&#8243; img_size=&#8221;full&#8221; alignment=&#8221;center&#8221;][vc_empty_space height=&#8221;50px&#8221;][\/vc_column][\/vc_row][vc_row full_width=&#8221;stretch_row_content_no_spaces&#8221; css=&#8221;.vc_custom_1607368870703{margin-top: -50px !important;margin-bottom: -50px !important;}&#8221;][vc_column][vc_single_image image=&#8221;1858&#8243; img_size=&#8221;1919&#215;673&#8243; alignment=&#8221;center&#8221;][\/vc_column][\/vc_row][vc_row full_width=&#8221;stretch_row&#8221; css=&#8221;.vc_custom_1606850020042{margin-right: 10px !important;margin-bottom: -50px !important;margin-left: 10px !important;background-color: #f5f0ec !important;}&#8221;][vc_column width=&#8221;1\/2&#8243;][vc_empty_space height=&#8221;50px&#8221;][vc_column_text]<\/p>\n<h3><span style=\"font-size: 24pt;\">El Legado:<br \/>\nLuisa<\/span><\/h3>\n<p>[\/vc_column_text][vc_column_text]Despu\u00e9s de trabajar por 40 a\u00f1os en el \u00e1mbito de la educaci\u00f3n privada y p\u00fablica, Luisa se mud\u00f3 de lleno al valle de Simijaca para darle una nueva vida a CARDOL\u00c1N.\u00a0 Luisa introdujo las primeras ovejas merino al reba\u00f1o y ha trabajado para fortalecer la red regional de trabajadoras(es) de lana.<\/p>\n<p>Uno de los proyectos de Luisa ha sido producir una nueva serie de mantas, cojines y tapetes de gran originalidad y elegancia, utilizando el telar horizontal, as\u00ed como diversas prendas de vestir en lana tejida a mano. Nos enorgullece que cuando recibes un producto de CARDOL\u00c1N, estamos envi\u00e1ndote el calor de las ovejas de Luisa a tu hogar.[\/vc_column_text][\/vc_column][vc_column width=&#8221;1\/2&#8243;][vc_empty_space height=&#8221;50px&#8221;][\/vc_column][vc_column][\/vc_column][vc_column width=&#8221;1\/2&#8243;][vc_single_image image=&#8221;1859&#8243; img_size=&#8221;full&#8221; alignment=&#8221;center&#8221;][\/vc_column][vc_column width=&#8221;1\/2&#8243;][vc_single_image image=&#8221;1860&#8243; img_size=&#8221;full&#8221; alignment=&#8221;center&#8221;][vc_empty_space height=&#8221;150px&#8221;][\/vc_column][\/vc_row]<\/p>\n<\/div>","protected":false},"excerpt":{"rendered":"<p>[vc_row full_width=&#8221;stretch_row_content_no_spaces&#8221; full_height=&#8221;yes&#8221; equal_height=&#8221;yes&#8221; content_placement=&#8221;middle&#8221; css=&#8221;.vc_custom_1610747886001{background-image: url(http:\/\/wearecardolan.com\/es\/wp-content\/uploads\/2021\/01\/2_0Banner_OurPeople.jpg?id=1852) !important;background-position: center !important;background-repeat: no-repeat !important;background-size: cover !important;}&#8221;][vc_column][rev_slider_vc alias=&#8221;Quienes&#8221;][\/vc_column][\/vc_row][vc_row full_width=&#8221;stretch_row&#8221; full_height=&#8221;yes&#8221; equal_height=&#8221;yes&#8221; content_placement=&#8221;middle&#8221; css=&#8221;.vc_custom_1608066801129{margin-right:<\/p>\n","protected":false},"author":1,"featured_media":0,"parent":0,"menu_order":0,"comment_status":"closed","ping_status":"closed","template":"","meta":{"footnotes":""},"class_list":["post-1147","page","type-page","status-publish","hentry"],"_links":{"self":[{"href":"https:\/\/wearecardolan.com\/es\/wp-json\/wp\/v2\/pages\/1147","targetHints":{"allow":["GET"]}}],"collection":[{"href":"https:\/\/wearecardolan.com\/es\/wp-json\/wp\/v2\/pages"}],"about":[{"href":"https:\/\/wearecardolan.com\/es\/wp-json\/wp\/v2\/types\/page"}],"author":[{"embeddable":true,"href":"https:\/\/wearecardolan.com\/es\/wp-json\/wp\/v2\/users\/1"}],"replies":[{"embeddable":true,"href":"https:\/\/wearecardolan.com\/es\/wp-json\/wp\/v2\/comments?post=1147"}],"version-history":[{"count":7,"href":"https:\/\/wearecardolan.com\/es\/wp-json\/wp\/v2\/pages\/1147\/revisions"}],"predecessor-version":[{"id":2180,"href":"https:\/\/wearecardolan.com\/es\/wp-json\/wp\/v2\/pages\/1147\/revisions\/2180"}],"wp:attachment":[{"href":"https:\/\/wearecardolan.com\/es\/wp-json\/wp\/v2\/media?parent=1147"}],"curies":[{"name":"wp","href":"https:\/\/api.w.org\/{rel}","templated":true}]}}

<div class="wpb-content-wrapper"><p>[vc_row full_width=&#8221;stretch_row_content_no_spaces&#8221; full_height=&#8221;yes&#8221; equal_height=&#8221;yes&#8221; content_placement=&#8221;middle&#8221; css=&#8221;.vc_custom_1610747886001{background-image: url(http://wearecardolan.com/es/wp-content/uploads/2021/01/2_0Banner_OurPeople.jpg?id=1852) !important;background-position: center !important;background-repeat: no-repeat !important;background-size: cover !important;}&#8221;][vc_column][rev_slider_vc alias=&#8221;Quienes&#8221;][/vc_column][/vc_row][vc_row full_width=&#8221;stretch_row&#8221; full_height=&#8221;yes&#8221; equal_height=&#8221;yes&#8221; content_placement=&#8221;middle&#8221; css=&#8221;.vc_custom_1608066801129{margin-right: 10px !important;margin-left: 10px !important;background-color: #ebe6e0 !important;}&#8221;][vc_column offset=&#8221;vc_hidden-sm vc_hidden-xs&#8221;][vc_empty_space height=&#8221;150px&#8221;][/vc_column][vc_column width=&#8221;1/3&#8243;][/vc_column][vc_column width=&#8221;1/3&#8243;][vc_empty_space height=&#8221;100px&#8221;][vc_column_text]</p>
<p style="text-align: center;"><span style="font-size: 14pt;">En 1972, Carmen y su amiga Dora, crearon CARDOLÁN (Carmen+Dora+Lana), para impulsar el trabajo de la lana en el altiplano cundiboyacense y ofrecer tejidos a sus familias y amigos.</span></p>
<p>[/vc_column_text][vc_empty_space height=&#8221;100px&#8221;][/vc_column][vc_column width=&#8221;1/3&#8243;][/vc_column][vc_column offset=&#8221;vc_hidden-sm vc_hidden-xs&#8221;][vc_empty_space height=&#8221;150px&#8221;][/vc_column][/vc_row][vc_row full_width=&#8221;stretch_row&#8221; full_height=&#8221;yes&#8221; css=&#8221;.vc_custom_1605914772469{margin-right: 10px !important;margin-left: 10px !important;background-color: #f5f0ec !important;}&#8221;][vc_column width=&#8221;1/2&#8243;][vc_empty_space height=&#8221;100px&#8221;][vc_column_text]</p>
<h3><span style="font-size: 24pt;">Las manos<br />
artistas</span></h3>
<p>[/vc_column_text][vc_column_text]</p>
<p style="text-align: left;">Graciela, Cecilia, Mariela, Alicia, Rita, María, Delfina, Oliva, Flor, Marta Inés, Jaime, Marina, Matilde, Leonor, Silvia, Flor, Deisy, Miriam Yanet y Enrique son algunas de las personas fundamentales para nuestra red de creación.</p>
<p>Estos artesanos transmiten el arte que aprendieron de sus mayores y hoy lo utilizan para sostener a sus familias y a su comunidad en el valle de Simijaca y sus alrededores.</p>
<p>[/vc_column_text][/vc_column][vc_column width=&#8221;1/2&#8243;][/vc_column][vc_column][/vc_column][vc_column width=&#8221;2/6&#8243;][vc_single_image image=&#8221;1853&#8243; img_size=&#8221;full&#8221; alignment=&#8221;center&#8221;][/vc_column][vc_column width=&#8221;2/6&#8243;][vc_single_image image=&#8221;1854&#8243; img_size=&#8221;full&#8221; alignment=&#8221;center&#8221;][/vc_column][vc_column width=&#8221;2/6&#8243;][vc_single_image image=&#8221;1855&#8243; img_size=&#8221;full&#8221;][vc_empty_space height=&#8221;100px&#8221;][/vc_column][/vc_row][vc_row full_width=&#8221;stretch_row&#8221; css=&#8221;.vc_custom_1607368863570{margin-right: 10px !important;margin-bottom: -50px !important;margin-left: 10px !important;background-color: #ebe6e0 !important;}&#8221;][vc_column width=&#8221;1/2&#8243;][vc_empty_space height=&#8221;50px&#8221;][vc_column_text]</p>
<h3><span style="font-size: 24pt;">Nuestra fundadora:<br />
Carmen</span></h3>
<p>[/vc_column_text][vc_column_text]Aunque Carmen nació en Bogotá, desde muy pequeña se apasionó por el campo colombiano y por los productos de lana. En sus diversas excursiones por las montañas de Colombia aprendió sobre el trabajo con lana de las comunidades campesinas, un saber pasado por generaciones, y comprendió la necesidad que tienen las mujeres de estas regiones de trabajar y generar ingresos. Decidida a colaborar en mantener estas tradiciones vivas, Carmen comenzó a criar ovejas Corriedale para producir lana en el valle de Simijaca (Cundinamarca), donde unió esfuerzos con una red de mujeres que conocían el arte tradicional de hilar y tejer transmitido por sus mayores.</p>
<p>Se dedicó también a aprender sobre tinturas naturales y a experimentar con diversas plantas locales para teñir. Por décadas, CARDOLÁN ha producido piezas de lana para la venta, proporcionándole trabajo a muchas mujeres campesinas y donando gran parte del dinero recaudado al Ancianato San Juan Bosco de Simijaca.[/vc_column_text][/vc_column][vc_column width=&#8221;1/2&#8243;][vc_empty_space height=&#8221;50px&#8221;][/vc_column][vc_column][/vc_column][vc_column width=&#8221;1/2&#8243;][vc_single_image image=&#8221;1856&#8243; img_size=&#8221;full&#8221; alignment=&#8221;center&#8221;][/vc_column][vc_column width=&#8221;1/2&#8243;][vc_single_image image=&#8221;1857&#8243; img_size=&#8221;full&#8221; alignment=&#8221;center&#8221;][vc_empty_space height=&#8221;50px&#8221;][/vc_column][/vc_row][vc_row full_width=&#8221;stretch_row_content_no_spaces&#8221; css=&#8221;.vc_custom_1607368870703{margin-top: -50px !important;margin-bottom: -50px !important;}&#8221;][vc_column][vc_single_image image=&#8221;1858&#8243; img_size=&#8221;1919&#215;673&#8243; alignment=&#8221;center&#8221;][/vc_column][/vc_row][vc_row full_width=&#8221;stretch_row&#8221; css=&#8221;.vc_custom_1606850020042{margin-right: 10px !important;margin-bottom: -50px !important;margin-left: 10px !important;background-color: #f5f0ec !important;}&#8221;][vc_column width=&#8221;1/2&#8243;][vc_empty_space height=&#8221;50px&#8221;][vc_column_text]</p>
<h3><span style="font-size: 24pt;">El Legado:<br />
Luisa</span></h3>
<p>[/vc_column_text][vc_column_text]Después de trabajar por 40 años en el ámbito de la educación privada y pública, Luisa se mudó de lleno al valle de Simijaca para darle una nueva vida a CARDOLÁN.  Luisa introdujo las primeras ovejas merino al rebaño y ha trabajado para fortalecer la red regional de trabajadoras(es) de lana.</p>
<p>Uno de los proyectos de Luisa ha sido producir una nueva serie de mantas, cojines y tapetes de gran originalidad y elegancia, utilizando el telar horizontal, así como diversas prendas de vestir en lana tejida a mano. Nos enorgullece que cuando recibes un producto de CARDOLÁN, estamos enviándote el calor de las ovejas de Luisa a tu hogar.[/vc_column_text][/vc_column][vc_column width=&#8221;1/2&#8243;][vc_empty_space height=&#8221;50px&#8221;][/vc_column][vc_column][/vc_column][vc_column width=&#8221;1/2&#8243;][vc_single_image image=&#8221;1859&#8243; img_size=&#8221;full&#8221; alignment=&#8221;center&#8221;][/vc_column][vc_column width=&#8221;1/2&#8243;][vc_single_image image=&#8221;1860&#8243; img_size=&#8221;full&#8221; alignment=&#8221;center&#8221;][vc_empty_space height=&#8221;150px&#8221;][/vc_column][/vc_row]</p>
</div>
